{"id":131,"date":"2020-01-27T12:36:29","date_gmt":"2020-01-27T11:36:29","guid":{"rendered":"http:\/\/dubreuil-architecture.com\/?page_id=131"},"modified":"2025-04-14T09:09:49","modified_gmt":"2025-04-14T07:09:49","slug":"biographie","status":"publish","type":"page","link":"https:\/\/dubreuil-architecture.com\/?page_id=131","title":{"rendered":"Biographie"},"content":{"rendered":"\n<figure class=\"wp-block-image size-large is-resized\"><img loading=\"lazy\" decoding=\"async\" width=\"801\" height=\"1024\" src=\"http:\/\/dubreuil-architecture.com\/wp-content\/uploads\/2020\/01\/Mag-801x1024.jpg\" alt=\"\" class=\"wp-image-153\" style=\"aspect-ratio:0.781021897810219;width:146px;height:auto\" srcset=\"https:\/\/dubreuil-architecture.com\/wp-content\/uploads\/2020\/01\/Mag-801x1024.jpg 801w, https:\/\/dubreuil-architecture.com\/wp-content\/uploads\/2020\/01\/Mag-235x300.jpg 235w, https:\/\/dubreuil-architecture.com\/wp-content\/uploads\/2020\/01\/Mag-768x981.jpg 768w, https:\/\/dubreuil-architecture.com\/wp-content\/uploads\/2020\/01\/Mag.jpg 1030w\" sizes=\"auto, (max-width: 801px) 100vw, 801px\" \/><\/figure>\n\n\n\n<h1 class=\"wp-block-heading\" style=\"font-size:clamp(16.293px, 1.018rem + ((1vw - 3.2px) * 0.907), 25px);\"><strong>MAGUELONE DUBREUIL ARCHITECTURE<\/strong><\/h1>\n\n\n\n<p style=\"font-size:clamp(14.642px, 0.915rem + ((1vw - 3.2px) * 0.766), 22px);\"><strong><em>Studio d\u2019architecture int\u00e9rieure &amp; design, sp\u00e9cialis\u00e9 en retail de luxe<\/em><\/strong><\/p>\n\n\n\n<hr class=\"wp-block-separator has-alpha-channel-opacity\"\/>\n\n\n\n<p class=\"has-medium-font-size\"><strong>Une vocation, une passion<\/strong><\/p>\n\n\n\n<p>Tout a commenc\u00e9 par des d\u00e9ambulations sur les \u00e9chafaudages de la demeure familiale, sous l\u2019\u0153il aimant d\u2019un p\u00e8re passionn\u00e9 par les grands projets.<\/p>\n\n\n\n<p>Puis, comme un fil rouge : les cours de dessin, la pr\u00e9pa \u00e0 Paris, l\u2019\u00e9cole d\u2019architecture int\u00e9rieure qu&rsquo;on appelait encore Met de Penninghen et un dipl\u00f4me en poche pour d\u00e9marrer le nouveau mill\u00e9naire.<\/p>\n\n\n\n<hr class=\"wp-block-separator has-alpha-channel-opacity\"\/>\n\n\n\n<p class=\"has-medium-font-size\"><strong>Un parcours d\u2019exception<\/strong><\/p>\n\n\n\n<p>Les rencontres confirment la voie choisie :<\/p>\n\n\n\n<ul class=\"wp-block-list\">\n<li><strong>Rena Dumas &amp; les boutiques Herm\u00e8s<\/strong> : immersion dans l\u2019univers du luxe et du d\u00e9tail<\/li>\n\n\n\n<li><strong>l&rsquo;apprentissage sur les chantiers<\/strong> : aux c\u00f4t\u00e9s de mentors exigeants et la d\u00e9couverte d\u2019un m\u00e9tier passionnant<\/li>\n\n\n\n<li><strong>10 ans en agence<\/strong> chez Antonio Virga : perfectionnisme et sens du d\u00e9tail<\/li>\n\n\n\n<li><strong>10 ans en maison<\/strong> :\n<ul class=\"wp-block-list\">\n<li><strong>Christian Dior Couture<\/strong> : des boutiques \u00e0 travers l\u2019Europe jusqu\u2019aux confins de la Russie et du Kazakhstan, quantit\u00e9 de boutiques charg\u00e9es de d\u00e9tails aux 50 nuances de gris\u2026<\/li>\n\n\n\n<li><strong>Christian Louboutin<\/strong> : un univers plus rouge, plus flamboyant et au charme \u00e9lectrique avec des boutiques aux quatre coins du monde<\/li>\n<\/ul>\n<\/li>\n<\/ul>\n\n\n\n<hr class=\"wp-block-separator has-alpha-channel-opacity\"\/>\n\n\n\n<p class=\"has-medium-font-size\"><strong>Une expertise au service du luxe<\/strong><\/p>\n\n\n\n<p>25 ans d\u2019exp\u00e9rience dans la conception et la r\u00e9alisation de :<\/p>\n\n\n\n<ul class=\"wp-block-list\">\n<li>Boutiques de luxe<\/li>\n\n\n\n<li>Am\u00e9nagements d\u2019espaces de vente<\/li>\n\n\n\n<li>Showrooms et bureaux<\/li>\n<\/ul>\n\n\n\n<p>Des lieux ambitieux, parfois un peu fous, pens\u00e9s pour des clients exigeants et passionnants, \u00e0 travers le monde.<\/p>\n\n\n\n<p>Maguelone Dubreuil est toujours pr\u00eate \u00e0 s\u2019envoler, pour aller plus loin et vous accompagner dans vos projets d\u2019exception.<\/p>\n\n\n\n<hr class=\"wp-block-separator has-alpha-channel-opacity\"\/>\n\n\n\n<p class=\"has-medium-font-size\"><strong>Nos expertises<\/strong><\/p>\n\n\n\n<ul class=\"wp-block-list\">\n<li>Studio d\u2019architecture int\u00e9rieure &amp; design, sp\u00e9cialis\u00e9e en retail de luxe<\/li>\n\n\n\n<li>Exigence, savoir-faire et pr\u00e9cision<\/li>\n\n\n\n<li>Conception et Ma\u00eetrise d\u2019\u0153uvre<\/li>\n\n\n\n<li>Assistance \u00e0 la ma\u00eetrise d\u2019ouvrage<\/li>\n<\/ul>\n\n\n\n<p><\/p>\n","protected":false},"excerpt":{"rendered":"<p>MAGUELONE DUBREUIL ARCHITECTURE Studio d\u2019architecture int\u00e9rieure &amp; design, sp\u00e9cialis\u00e9 en retail de luxe Une vocation, une passion Tout a commenc\u00e9 par des d\u00e9ambulations sur les \u00e9chafaudages de la demeure familiale, sous l\u2019\u0153il aimant d\u2019un p\u00e8re passionn\u00e9 par les grands projets. Puis, comme un fil rouge : les cours de dessin, la pr\u00e9pa \u00e0 Paris, l\u2019\u00e9cole &hellip; <\/p>\n<p class=\"link-more\"><a href=\"https:\/\/dubreuil-architecture.com\/?page_id=131\" class=\"more-link\">Lire la suite de<span class=\"screen-reader-text\">\u00ab\u00a0Biographie\u00a0\u00bb<\/span><\/a><\/p>\n","protected":false},"author":1,"featured_media":0,"parent":0,"menu_order":0,"comment_status":"closed","ping_status":"closed","template":"","meta":{"footnotes":""},"class_list":["post-131","page","type-page","status-publish","hentry"],"_links":{"self":[{"href":"https:\/\/dubreuil-architecture.com\/index.php?rest_route=\/wp\/v2\/pages\/131","targetHints":{"allow":["GET"]}}],"collection":[{"href":"https:\/\/dubreuil-architecture.com\/index.php?rest_route=\/wp\/v2\/pages"}],"about":[{"href":"https:\/\/dubreuil-architecture.com\/index.php?rest_route=\/wp\/v2\/types\/page"}],"author":[{"embeddable":true,"href":"https:\/\/dubreuil-architecture.com\/index.php?rest_route=\/wp\/v2\/users\/1"}],"replies":[{"embeddable":true,"href":"https:\/\/dubreuil-architecture.com\/index.php?rest_route=%2Fwp%2Fv2%2Fcomments&post=131"}],"version-history":[{"count":12,"href":"https:\/\/dubreuil-architecture.com\/index.php?rest_route=\/wp\/v2\/pages\/131\/revisions"}],"predecessor-version":[{"id":899,"href":"https:\/\/dubreuil-architecture.com\/index.php?rest_route=\/wp\/v2\/pages\/131\/revisions\/899"}],"wp:attachment":[{"href":"https:\/\/dubreuil-architecture.com\/index.php?rest_route=%2Fwp%2Fv2%2Fmedia&parent=131"}],"curies":[{"name":"wp","href":"https:\/\/api.w.org\/{rel}","templated":true}]}}